What are the prime factors of 1241800?
2, 5, 7, 887
What are the prime factors of 862582?
2, 7, 61613
What are the prime factors of 1099480?
2, 5, 27487
List the prime factors of 359942.
2, 11, 16361
What are the prime factors of 746746?
2, 7, 11, 13, 373
List the prime factors of 1140966.
2, 3, 7043
List the prime factors of 3818105.
5, 763621
List the prime factors of 6750830.
2, 5, 675083
What are the prime factors of 694721?
694721
List the prime factors of 2835211.
2835211
List the prime factors of 38568.
2, 3, 1607
What are the prime factors of 14161276?
2, 43, 281, 293
List the prime factors of 369706.
2, 31, 67, 89
List the prime factors of 1530291.
3, 7, 72871
List the prime factors of 326446.
2, 163223
What are the prime factors of 698118?
2, 3, 307, 379
List the prime factors of 1100308.
2, 11, 17, 1471
List the prime factors of 534860.
2, 5, 47, 569
What are the prime factors of 7507576?
2, 938447
What are the prime factors of 3668719?
17, 67, 3221
List the prime factors of 35805392.
2, 7, 319691
List the prime factors of 17098.
2, 83, 103
List the prime factors of 2586821.
2586821
List the prime factors of 14601454.
2, 7, 1042961
What are the prime factors of 307831?
307831
List the prime factors of 28595944.
2, 13, 274961
What are the prime factors of 1459359?
3, 11, 14741
What are the prime factors of 1127864?
2, 140983
What are the prime factors of 8159047?
13, 627619
What are the prime factors of 1566816?
2, 3, 19, 859
What are the prime factors of 16453613?
11, 1495783
List the prime factors of 409877.
13, 41, 769
List the prime factors of 799873.
799873
List the prime factors of 5582527.
5582527
What are the prime factors of 133890?
2, 3, 5, 4463
What are the prime factors of 1656972?
2, 3, 46027
What are the prime factors of 23192410?
2, 5, 2319241
What are the prime factors of 4617503?
11, 23, 18251
What are the prime factors of 1590391?
11, 163, 887
What are the prime factors of 5343960?
2, 3, 5, 44533
List the prime factors of 340369.
340369
What are the prime factors of 9820148?
2, 13, 127, 1487
What are the prime factors of 172463?
19, 29, 313
List the prime factors of 8181544.
2, 7, 146099
What are the prime factors of 3418917?
3, 19, 59981
List the prime factors of 15869.
7, 2267
What are the prime factors of 490461?
3, 163487
What are the prime factors of 1776209?
1776209
What are the prime factors of 5987773?
11, 223, 2441
What are the prime factors of 2727330?
2, 3, 5, 90911
List the prime factors of 20647.
11, 1877
What are the prime factors of 3314686?
2, 41, 40423
What are the prime factors of 2496428?
2, 11, 56737
List the prime factors of 8036422.
2, 29, 138559
What are the prime factors of 1153038?
2, 3, 192173
What are the prime factors of 20988010?
2, 5, 2098801
List the prime factors of 4219683.
3, 13, 257, 421
List the prime factors of 3590630.
2, 5, 359063
What are the prime factors of 2314132?
2, 578533
List the prime factors of 21872732.
2, 7, 31, 113, 223
List the prime factors of 241718.
2, 19, 6361
List the prime factors of 150426.
2, 3, 61, 137
What are the prime factors of 331198?
2, 7, 41, 577
List the prime factors of 554215.
5, 199, 557
What are the prime factors of 3333516?
2, 3, 277793
List the prime factors of 332219.
332219
What are the prime factors of 4837795?
5, 41, 23599
List the prime factors of 232272.
2, 3, 1613
List the prime factors of 5620.
2, 5, 281
What are the prime factors of 2660831?
2660831
What are the prime factors of 2348095?
5, 31, 15149
What are the prime factors of 763111?
763111
What are the prime factors of 63098?
2, 7, 4507
What are the prime factors of 2800978?
2, 1400489
List the prime factors of 176200.
2, 5, 881
List the prime factors of 4620886.
2, 97, 23819
What are the prime factors of 9116117?
137, 66541
List the prime factors of 8020545.
3, 5, 13, 41131
List the prime factors of 651343.
7, 11, 769
List the prime factors of 1421565.
3, 5, 94771
List the prime factors of 11785286.
2, 41, 101, 1423
What are the prime factors of 17413039?
7, 193, 12889
What are the prime factors of 7043411?
7043411
List the prime factors of 21200602.
2, 10600301
What are the prime factors of 1232182?
2, 7, 283, 311
List the prime factors of 7547742.
2, 3, 46591
List the prime factors of 4906232.
2, 613279
What are the prime factors of 41088?
2, 3, 107
List the prime factors of 315420.
2, 3, 5, 7, 751
List the prime factors of 350444.
2, 79, 1109
What are the prime factors of 4138?
2, 2069
List the prime factors of 22071611.
1229, 17959
List the prime factors of 3736985.
5, 7, 2179
What are the prime factors of 5928317?
1123, 5279
What are the prime factors of 305329?
305329
List the prime factors of 244751.
13, 67, 281
What are the prime factors of 4624730?
2, 5, 11, 42043
What are the prime factors of 13157793?
3, 11, 29, 4583
List the prime factors of 167060.
2, 5, 8353
List the prime factors of 2398340.
2, 5, 7, 37, 463
List the prime factors of 784871.
19, 101, 409
List the prime factors of 4293123.
3, 97, 14753
List the prime factors of 223488.
2, 3, 97
List the prime factors of 1968077.
19, 103583
List the prime factors of 3176970.
2, 3, 5, 105899
What are the prime factors of 226831?
11, 17, 1213
List the prime factors of 752788.
2, 188197
List the prime factors of 3289202.
2, 7, 103, 2281
List the prime factors of 80048.
2, 5003
What are the prime factors of 30965053?
7, 4423579
What are the prime factors of 5140111?
347, 14813
What are the prime factors of 8626340?
2, 5, 29, 107, 139
List the prime factors of 13424382.
2, 3, 467, 1597
What are the prime factors of 681142?
2, 7, 11, 4423
What are the prime factors of 783805?
5, 11, 14251
What are the prime factors of 31264918?
2, 19, 822761
List the prime factors of 3325420.
2, 5, 7, 23753
What are the prime factors of 492596?
2, 13, 9473
List the prime factors of 13224148.
2, 7, 233, 2027
List the prime factors of 9469959.
3, 3156653
What are the prime factors of 3157546?
2, 7, 17, 13267
List the prime factors of 777256.
2, 97157
What are the prime factors of 269076?
2, 3, 17, 1319
What are the prime factors of 7086498?
2, 3, 29, 139, 293
List the prime factors of 28282360.
2, 5, 353, 2003
What are the prime factors of 1008692?
2, 252173
List the prime factors of 4535961.
3, 263, 5749
What are the prime factors of 2482014?
2, 3, 179, 2311
List the prime factors of 5369123.
307, 17489
What are the prime factors of 5317840?
2, 5, 11, 6043
List the prime factors of 111699.
3, 7, 197
List the prime factors of 278094.
2, 3, 46349
List the prime factors of 201709.
201709
List the prime factors of 1787431.
17, 105143
List the prime factors of 886859.
886859
What are the prime factors of 1901?
1901
What are the prime factors of 32497671?
3, 10832557
List the prime factors of 44416775.
5, 13, 19, 7193
List the prime factors of 9807892.
2, 2451973
List the prime factors of 17636331.
3, 23, 11113
List the prime factors of 61166.
2, 7, 17, 257
List the prime factors of 714857.
11, 13, 4999
What are the prime factors of 281832?
2, 3, 11743
What are the prime factors of 10703342?
2, 13, 411667
What are the prime factors of 330144?
2, 3, 19, 181
List the prime factors of 387117.
3, 43013
What are the prime factors of 200014?
2, 97, 1031
What are the prime factors of 997912?
2, 124739
What are the prime factors of 8794633?
1499, 5867
What are the prime factors of 629031?
3, 13, 127
What are the prime factors of 266529?
3, 88843
List the prime factors of 1033361.
7, 21089
What are the prime factors of 1073578?
2, 11, 48799
What are the prime factors of 2483469?
3, 275941
What are the prime factors of 110293?
53, 2081
List the prime factors of 264317.
101, 2617
What are the prime factors of 1940899?
41, 47339
What are the prime factors of 2419056?
2, 3, 107, 157
What are the prime factors of 961985?
5, 421, 457
List the prime factors of 1562281.
7, 53, 4211
List the prime factors of 3827055.
3, 5, 255137
List the prime factors of 8849546.
2, 4424773
What are the prime factors of 2736069?
3, 7, 113, 1153
What are the prime factors of 204805?
5, 40961
List the prime factors of 1665897.
3, 421, 1319
List the prime factors of 7657960.
2, 5, 191449
List the prime factors of 32456.
2, 4057
What are the prime factors of 4338735?
3, 5, 28